+ 1. Let m be o(3). Suppose d*p = 19 - m. What is the units digit of p?
3
Let x = 606 + -231. What is the hundreds digit of x?
3
Let t = 1 - -4. Suppose -t*y + 2*l + 286 - 60 = 0, 4*l - 238 = -5*y. What is the units digit of y?
6
Suppose -2*w = -5*w - 33. What is the units digit of (-1 - 0)*(-20 - w)?
9
Suppose -3*d + 4*d = 512. What is the tens digit of d/28 - (-2)/(-7)?
1
Suppose 25 + 3 = 4*c. Suppose -3*g = -4*g + c. What is the units digit of g?
7
Suppose 5*x = -5*v + 130, v = 5*x - v - 95. Let p = x + -14. What is the units digit of p?
7
Let j be 696/14 + 12/42. Suppose 7*y - j = 5*y. What is the units digit of y?
5
Let p = -14 - -16. What is the units digit of p?
2
Let z = 276 - 50. What is the tens digit of z?
2
Let h be (4/12)/((-2)/(-30)). Suppose -6*c + c - 4*u = 30, -h*c + 3*u = 30. Let f(j) = -j**3 - 5*j**2 + 7*j + 7. What is the units digit of f(c)?
1
Let g be 1135/75 - 8/60. Suppose -5*b - 22 = 2*o - o, 5*b - 5*o + 40 = 0. Let m = g + b. What is the units digit of m?
0
Let s = -6 - -10. Suppose -22 = -d - s*n - 4, -4*n - 2 = -d. What is the tens digit of d?
1
Suppose 2*n - 30 = -4*a, 0 = -a + 6*a + 2*n - 39. What is the units digit of a?
9
Suppose -5*w + 4 - 3 = -z, 3*w + 2*z = -2. Suppose -310 = -5*s - 60. Suppose -3*q + 12 = -w, -5*i + 5*q + s = 0. What is the tens digit of i?
1
Suppose -3*i = -2*i - 3*u - 80, -2*i + 140 = -u. What is the units digit of i?
8
Let r = -1 + 8. Suppose 2 = 3*z - 2*h, -2*h = 3*z - 3*h - r. What is the units digit of z?
4
Let s(n) = -3*n - 7. Let h(f) = -12*f - 29. Let a(y) = -2*h(y) + 9*s(y). What is the tens digit of a(-5)?
1
Let u(k) be the first derivative of -k**3/3 - 3*k**2/2 + 5*k - 1. Let b be u(-4). What is the units digit of (b + 0)*(9 + -3)?
6
Suppose 4*x = 60 + 132. Let n = 9 + x. What is the units digit of n/3 - (0 + 1)?
8
What is the tens digit of 1/(-4*3/(-216))?
1
What is the tens digit of 178/5*10/4?
8
Suppose 3*z - 579 + 132 = 0. What is the hundreds digit of z?
1
Let p(d) = -3*d - 1. Let u be p(-1). Let t be u/5 + (-87)/5. Let q = -9 - t. What is the units digit of q?
8
Let y(o) = -2*o + 2. Let s be y(-2). Let d be 2/8 + 5/(-4). What is the units digit of -1 - 2*s/d?
1
Let k(a) = -2*a + 13. What is the units digit of k(4)?
5
Let b = -63 - -103. What is the tens digit of b?
4
Let s(j) = -7*j**3 - 2*j**2 + j - 1. Let c = -9 - -7. What is the tens digit of s(c)?
4
Let y be (64/(-10))/(-2)*15. Suppose -5*b = -2*b - y. Suppose -4*k - k = 3*f - 28, f + 3*k = b. What is the units digit of f?
1
Let q(i) = -i**3 + 10*i**2 - 9*i + 3. Let p be (-3)/((-2)/((-6)/(-1))). What is the units digit of q(p)?
3
Let z be 54/(3/4*-2). Let g = z - -63. What is the tens digit of g?
2
Let o(z) = -3*z**2 + 5*z + 1. Let y(a) = -2*a**2 + 6*a + 1. Let t(l) = -7*o(l) + 6*y(l). What is the units digit of t(1)?
9
Suppose -3338 - 430 = -12*y. What is the tens digit of y?
1
Suppose -3*z + 4*x - 26 = -0*x, 0 = 2*z - x + 19. Let f(l) = -l**2 + 1. Let m be f(-5). What is the units digit of m/z - 2/5?
2
Let g(u) = -3*u**3 - u**2 + 2*u - 1. Let o be g(1). What is the tens digit of (2/(-3))/(o/117)?
2
Let d be 46 + 0*(-1)/(-3). Suppose -3*v + d = -2*v. What is the tens digit of v?
4
Let h = 373 - 222. What is the hundreds digit of h?
1
Let c(x) = 11*x**2 + 4*x + 3. What is the units digit of c(-2)?
9
Let x(q) = q**3 - 7*q**2 + 7*q. Let a be x(6). Suppose -a*c = -5*c - 3. Suppose -c*s + s = -20. What is the tens digit of s?
1
Let f be 1 + 0 + 5 + -1. Let q be -2*2 + -4 + f. What is the units digit of (-1 + q)/(4/(-14))?
4
Let q be (0 - -9) + (-6)/3. Let g = 11 - q. What is the units digit of g?
4
What is the units digit of 16/40 + (-203)/(-5)?
1
What is the units digit of (-6)/57 + 32200/133?
2
Suppose -4*q + 2*s = 0, 2 - 6 = 2*s. What is the units digit of -2 + q - (-1 - 3)?
1
Let k be -2*(2*-1 + 1). Suppose -2*s + 25 = -3. What is the units digit of (k - 1)/(2/s)?
7
Let c(k) = 7 + 3*k - 1 - 2*k**3 - 4*k - 4 - 3*k**2. Let l = 2 + -4. What is the units digit of c(l)?
8
What is the tens digit of (2*1 - (10 - 22))*13?
8
Let w(t) = t**3 + t**2 - 4*t + 1. Let d be w(-3). Let i(u) = u**3 + 4*u**2 - 7*u + 2. What is the units digit of i(d)?
2
What is the tens digit of (1/(15/306))/(6/20)?
6
Let l = 11 + -5. Let w be ((-2)/l)/(4/(-24)). Suppose -21 = -w*p - c, -2*p = -3*p - 5*c + 6. What is the tens digit of p?
1
Let z = -52 + 78. Suppose 2*x = 8, 0*s - 3*s + z = 2*x. Let k(o) = o**2 - 4*o - 4. What is the units digit of k(s)?
8
Suppose -4*g = 3*o - 787, -387 - 136 = -2*o - 3*g. What is the hundreds digit of o?
2
Let y = 6 + 23. What is the units digit of y?
9
Suppose -c + 0*c = 4. What is the units digit of 10 + (c - -1 - -1)?
8
Suppose -5*c + 4*h - 1 = -157, 3*h + 124 = 4*c. Suppose c*o - 24*o = 180. What is the units digit of o?
5
Suppose 0 = 2*o + 3*y - 289, -3*y = 3*o - 7*o + 551. What is the hundreds digit of o?
1
Let r be 2/7 + (-304)/(-14). Let x = r - 47. Let b = x + 35. What is the tens digit of b?
1
Suppose 3*d = 8*d. Suppose -3*x + d*x = 0. Suppose 3*y - s - 8 = x, -5*y = -4*y + 5*s + 8. What is the units digit of y?
2
Let d = 16 - -15. What is the units digit of d?
1
Let t = 120 - -30. Suppose j - 149 = -3*j - 5*k, -5*j = -k - t. What is the units digit of j?
1
Suppose 6*s = 641 + 439. What is the hundreds digit of s?
1
Suppose 2*n = n + 1. Let r be 0/n + (-2 - -3). What is the units digit of -2 - (-7*1 - r)?
6
Suppose -n - 3*q - 7 = 0, -1 = -n - q - 4. Let b(w) = -5*w**3 + w. What is the units digit of b(n)?
4
Suppose 0 - 20 = -l. Let n = l + -1. What is the tens digit of n?
1
Let o be (-18)/15*60/9. Let z be 2/(-5) - (-114)/10. Let w = z + o. What is the units digit of w?
3
Suppose 3*h + 7*k - 2*k - 32 = 0, 5*h - 5*k = 40. Suppose 0 = -6*n + 3*n + h. Suppose -3*x = -n*v + 24, 3*v - 2*x = -6*x + 38. What is the tens digit of v?
1
Suppose -2*h - 9 = -d, 2 = 4*d + 5*h - 21. Suppose -l + d = 5*i - 2*i, -l - 3 = -2*i. What is the units digit of 1/(-3)*(-13 - i)?
5
Suppose 0 - 4 = -4*q, -5*b = -5*q - 125. Suppose 4*o = -z - 27, z - b = 2*o - z. Let k = o + 21. What is the tens digit of k?
1
What is the hundreds digit of 193/(-3)*(-10)/(30/9)?
1
Suppose 0 = -2*y - y + 54. Suppose y = -0*o + o + 3*g, -o - 12 = -3*g. Suppose v + 27 = 5*w - o*v, 12 = 5*w + v. What is the units digit of w?
3
Suppose 4*n - 17 = -5*h, -2*n + 5 = 3*h + 3*n. What is the units digit of ((-3)/h)/((-2)/30)?
9
Suppose -7*a - 216 = -11*a. What is the tens digit of a?
5
Let m be (-36)/(-20)*(26 - 1). Suppose -3*x = 5*r - 149, -4*r - m = x - 160. What is the tens digit of r?
2
Suppose 2*r + 5*x = -1, 5*r - 4 = r - 4*x. Suppose 2*i - f - 15 = 0, -r*f + 6*f = 2*i. What is the units digit of i?
0
Suppose -7 = -2*b + 5*p - 33, 3*b + 5 = -p. Let o be 4/6 - 19/b. Let h = -4 + o. What is the units digit of h?
3
What is the units digit of (-6)/(-4)*(-352)/(-33)?
6
What is the units digit of 146 - (4/18 + (-32)/144)?
6
Let f = -11 + 197. What is the units digit of f?
6
Let n(b) be the third derivative of -b**4/24 - 5*b**3/6 + 5*b**2. Suppose -o = -3*s - 7 + 15, 4*o + 32 = -5*s. What is the units digit of n(o)?
3
Suppose 0 = 5*t + 3*r - 0*r - 32, 0 = 3*t - 4*r + 4. Suppose 0 = t*x - 23 - 29. What is the tens digit of x?
1
Let i(n) = -3*n + 2. Let x(m) = -3*m + 1. Let u(v) = 3*i(v) - 4*x(v). Let k be u(5). Suppose k = 3*p - 16. What is the tens digit of p?
1
Suppose -i = 3*j - 19, 4 = 2*j + 2*i - 14. Suppose 5*x - 31 = -0*g - 2*g, 31 = 3*x - j*g. What is the units digit of x?
7
Let u(n) = n**3 + 19*n**2 - 22*n + 1. What is the tens digit of u(-20)?
4
Let f be (-8)/(-6)*6/(-4). What is the units digit of ((-4)/f)/1 - -3?
5
Suppose 0*v - 4*v - 140 = 0. What is the units digit of 2/7 + (-1005)/v?
9
Let z be 1/2 + (-57)/(-6). Let i be z/6 - (-5)/15. What is the units digit of i/7 - (-108)/14?
8
Let y = 79 + -37. Suppose t + 2*t = y. What is the tens digit of t?
1
What is the hundreds digit of (5 + (-12)/3)*105?
1
Let x be 3/(-1)*(-38)/6. Suppose -2*s + 4*s = -2*c + 8, -4*s + x = c. What is the units digit of s?
5
Suppose -14*h - 409 = -1291. What is the tens digit of h?
6
Let m(b) = 1 - b + 2 + 6. Let u be m(9). Suppose u*n = -2*n + 10. What is the units digit of n?
5
Suppose 3*v + 14 = 5*v. Suppose 3*p + v = -2*h + 2, -4*p - 2 = 5*h. What is the units digit of 